s x a prime number?
False
Suppose -q + 3*m - m = -21, -m + 12 = q. Suppose 0 = -2*f - f - q, 0 = -5*n + f + 20. Is 28/(-21) + (n - 536/(-6)) a prime number?
False
Suppose 0 = 9*y + 3 - 39. Suppose -223 = -y*a + 3*a. Is a a prime number?
True
Let y(o) = 10*o + 63. Let d be y(-6). Suppose -18*i - d*r = -23*i + 4049, 0 = -2*i + 5*r + 1612. Is i prime?
True
Suppose -5*n - 3*a + 17578 = -2410, 2*a - 11992 = -3*n. Let j = -2363 + n. Is j composite?
False
Suppose 5*l + 1422017 = 3*x - 1059882, 5*l = 4*x - 3309192. Is x composite?
False
Suppose 5*s = 4*i - 0*s - 134, -82 = -2*i - 5*s. Is ((-122)/(-3))/(1/i*8) a prime number?
False
Is 12*(7619034/180 + 6/30) composite?
True
Let n(f) = 678*f**3 - 8*f**2 + 6*f + 2. Is n(3) prime?
False
Is (169333 + -7)/9 - 3 a composite number?
True
Suppose -4*y = 181974 - 610058. Is y prime?
True
Suppose -9*y = -57451 - 44060. Is y prime?
True
Let z = -91 + 78. Let j(x) = -2*x**3 - 4*x**2 - 7*x - 18. Let p be j(z). Let c = p - 2422. Is c a composite number?
True
Let t(u) = 18*u - 138. Let o be t(11). Suppose -o*a = -39*a - 48909. Is a a prime number?
False
Is 43851 - (12/(-9))/((-30)/(-45)) a prime number?
True
Let b(t) = 1977*t**2 - 79*t - 955. Is b(27) a composite number?
True
Let i = -31635 - -240224. Is i a prime number?
True
Suppose -2*j - 19 = -0*j - r, 2*j - 3*r + 29 = 0. Let u(v) = -569*v - 106. Is u(j) composite?
False
Suppose -x - 4*x = -10. Suppose -4*s + 3272 = -2112. Suppose x*y + 4*t = -0*t + s, t = -3. Is y composite?
True
Let i be (-5)/10*(3 + 143). Let k = i - -74. Is (110/40)/(k/92) a composite number?
True
Let g(q) = 29*q**3 - 55*q**3 + 27*q**3 + 2*q - 6 - 3*q**2. Let t be g(3). Let d(z) = -z + 2885. Is d(t) a composite number?
True
Suppose -y + c = 2*c - 2260, -y + 2269 = 4*c. Let f = 142 + y. Is f a prime number?
True
Suppose -l + 626 = -3*b - 1, -l + 643 = b. Suppose 0*n + 1536 = -3*n. Let w = l - n. Is w a composite number?
False
Let k be ((-16)/4 + 3)*-5. Let z be 6/k*3/((-12)/(-410)). Suppose 120*p = z*p - 2157. Is p a composite number?
False
Is ((-1910783)/(-34))/((-4)/(24/(-3))) composite?
True
Let s(q) be the second derivative of -q**3/3 - 6*q**2 - 14*q. Let n be s(-9). Suppose n*i + 1187 = 7*i. Is i a composite number?
False
Suppose 0 = -5*z + z + 24. Suppose z*u - 3*u = 12. Suppose u*d = 5*g - 420 - 907, -514 = -2*g - 4*d. Is g a prime number?
True
Is (-5 + 2 - -2)/(24097869/(-926841) - -26) composite?
True
Let m = 66374 + -27781. Is m a composite number?
False
Suppose 0 = 2*m + 5*o - 0*o - 92, 2*o + 157 = 3*m. Suppose 7*u - 135 = -m. Suppose -q - 1573 = -u*q. Is q prime?
False
Suppose -2 = -5*w - 5*c + 3, 2*w = c + 5. Suppose -3*n - 6639 - 804 = -3*d, -7441 = -3*d + w*n. Is d a composite number?
True
Suppose 5*d = 1262994 - 273839. Is d a composite number?
False
Let i = 17310 - -11077. Is i composite?
False
Let k(o) = -2*o. Let h be k(0). Suppose -x + 3*x - 150 = h. Suppose -x = -z + 56. Is z composite?
False
Let t = 12 - 11. Let w be 3/(-3) - 0 - t*-3. Let h(a) = 157*a**3 + a**2 - 2*a + 3. Is h(w) prime?
True
Let n(b) = 132*b**3 + 18*b**2 + 12*b + 319. Is n(23) composite?
False
Suppose r + 1 + 3 = 0. Let d(z) be the first derivative of -13*z**2/2 + 3*z - 52. Is d(r) a prime number?
False
Suppose 0 = 63*z - 99965980 - 62529101. Is z a prime number?
True
Suppose -5*a = -10, -2*k + 121 = -2*a - 531. Let x = 1871 - k. Is x composite?
False
Suppose -2*u + y + 12152 = -94802, 4*u - 213900 = 4*y. Is u prime?
True
Suppose 10*n + 241 = -16349. Let r = n + 3310. Is r composite?
True
Let o be 8/(-20) - (-4)/10. Let h be o*(-3 - 7/(-2)). Suppose h = -3*k + 503 + 52. Is k a composite number?
True
Suppose -288 = -j - 2*u, 0 = -4*j - 4*u + u + 1162. Suppose 327 = 4*k - r - j, -5 = -5*r. Is k a composite number?
True
Let g(k) = k**2 + 3*k - 6. Let d be g(0). Is (d + 3)/((-21)/3535) a composite number?
True
Suppose -28207 + 1060977 = 49*a - 1144643. Is a a composite number?
True
Let w = 3379 - -9785. Let o = -5993 + w. Is o prime?
False
Suppose 503538 = 67*r - 61*r. Suppose -40*p + 73557 = -r. Is p prime?
False
Suppose 13*j + 33 = 16*j. Suppose 2*b = -3*k + 12, b - 2*b + j = 4*k. Suppose -w - 4*x = -1341, -2*w - k*x - 1335 = -3*w. Is w composite?
True
Suppose 0 = 36*o - 42410 - 363274. Is o a composite number?
True
Let g(d) = 25*d**2 - 18*d + 60. Let j be g(7). Suppose j = 18*k - 3071. Is k composite?
True
Let w = -5049 - -808. Let m be (6 - 3) + (w - 2/2). Is ((-4)/6)/(18/m) a prime number?
True
Let t = -6 + 4. Let d = 20 + -15. Is t/d - (-437)/5 a prime number?
False
Let b(p) = 21*p**2 - 6*p - 46. Let q(o) = -43*o**2 + 13*o + 94. Let y(s) = 13*b(s) + 6*q(s). Is y(7) composite?
False
Let i be 0 - (-4 + -4)/4. Suppose p - i*p = 1. Let v(y) = -10*y + 1. Is v(p) a composite number?
False
Let j = -669 - -1942. Let v = j + 574. Is v prime?
True
Let q(n) = -5162*n - 7897. Is q(-25) prime?
False
Let s(x) = -168 + 5 - 2*x**2 - 75. Let v(f) = 4*f**2 + 477. Let m(t) = -7*s(t) - 3*v(t). Is m(0) a prime number?
False
Let s = -104959 - -206252. Is s composite?
False
Let n be 4/(-18) + 2824/72. Let l = n + -42. Is l/(-9) + (-144560)/(-12) composite?
True
Suppose -4*s + 165 = 1. Let p = s - 40. Suppose 0 = 5*w - 371 + p. Is w prime?
False
Let c be ((-4)/6)/((-38)/2451). Let x = -41 + c. Let j(i) = 110*i**3 - 2*i**2 + 4*i - 3. Is j(x) prime?
True
Suppose 0 = 2*v + 2*v - 16. Let b be (-88)/154 - 6/14. Is 0 + 914 - (v + b) prime?
True
Let z(d) = -5*d**3 - 72*d**2 + 59*d - 67. Is z(-30) prime?
False
Suppose -6*o = -28*o - 96712. Is (14/4 - 2)/((-6)/o) a composite number?
True
Suppose 0 = -w - 5*i + 24658, -4*w - 20*i + 98686 = -18*i. Is w composite?
True
Let c be 2/2*(-2 + 7). Let o(t) = 28 - 53*t - 181*t + 583*t - 134*t. Is o(c) composite?
False
Is 12/44 + 1370474/(-77)*-2 prime?
True
Let f(k) = -15558*k - 4081. Is f(-11) a prime number?
False
Let o(h) = 215*h**2 - 24*h - 17. Is o(-42) composite?
False
Suppose 2*r - 5*a - 1075 = -r, 0 = -4*r + 2*a + 1452. Suppose 2*v - 932 = 5*w - 333, -3*w - r = -4*v. Let y = 752 - w. Is y a prime number?
False
Let c = 1114281 + -665254. Is c a prime number?
False
Let q(z) = 26*z**3 - z. Let j be q(-1). Let c = -23 - j. Suppose -c*d + 5*d = 2193. Is d a composite number?
True
Suppose 1182021 = 7*w - 5*a, 3*a = w + 5*a - 168871. Is w a prime number?
True
Let z(n) = -2706*n + 2625. Is z(-19) prime?
False
Let l be 2647/((-2)/(-10)*1). Suppose 16*v - 22685 = l. Is v a prime number?
False
Suppose -4*n + 359806 = -19*y + 18*y, -y - 2 = 0. Is n a composite number?
True
Let y be -7368 - (8 + -4 + 1 + -2). Let d = -5239 - y. Suppose d = 3*i + i. Is i prime?
False
Let p(w) = 2*w - 8. Let q be p(2). Let r be 68/17*2/q. Let d(n) = 32*n**2 + 4*n + 3. Is d(r) a prime number?
False
Suppose -4*p + 2*y + 58 - 16 = 0, -33 = -5*p - 4*y. Suppose -974 = -2*w - 4*m, -4*m = -4 + 16. Suppose 0*r = v - 2*r - w, -3*r - p = 0. Is v a composite number?
False
Suppose 18*h = 21208 + 166532. Let r = h - 5839. Is r a prime number?
True
Let x(l) = 96*l + 1. Let p(r) = -11*r + r**3 - 35*r**2 + 27*r**2 - 2*r**3 + 20*r**2 + 1. Let q be p(11). Is x(q) prime?
True
Let c(d) = 11*d**3 - 33*d**2 - 87*d + 17. Is c(16) prime?
False
Let h(v) = -7*v**2 + v + 9. Let n be h(-2). Is (-4*n/56)/(6/108236) a prime number?
True
Suppose 918746 = 43*i - 12089657. Is i composite?
True
Let a(g) = 17 + 10 - 116*g + 105*g + 2051*g**2. Is a(2) composite?
False
Let t(d) = -5*d + 1. Let q(r) = 9*r - 2. Let c = -106 - -102. Let s(y) = c*q(y) - 7*t(y). Is s(-6) a prime number?
True
Let m be (16/60)/(-2) + (-1268)/(-60). Suppose 3*s = m*s - 129942. Is s a composite number?
False
Suppose 4*s + 6*k - 853345 = -s + k, 0 = k. Is s a prime number?
True
Suppose 84 = -11*z - 1005. Is (z - 14)*1*-11 a composite number?
True
Suppose 271*f - 258*f - 1085201 = 0. Is f composite?
False
Let h(m) = -4 + 17*m**2 - 2 + 4*m - 7. Let q = 846 - 854. Is h(q) composite?
True
Suppose 0 = 8*j - 163 - 957. Let n be j/105*(2/(-2) + 10). Is 9/n*-2*-1*362 composite?
True
Let f = -8484 - -17498. Is f prime?
False
Let v be (0 - 143238)*(-25)/30*1. Let j = v - 80232. Is j prime?
True
Let r(n) = 429*n**2 - 4*n + 1. Let u = 36 - 37. Let t be (3 - u) + -4 + 3 + -1. Is r(t) composite?
False
Let y(h) be the second derivative of 0 + 15/2*h**2 + 23*h + 1/12*h**4 - 1/6*h**3. Is y(8)